w**4/12 - w**3/3 - w**2. Suppose 3*l - 2 = 4*l. What is i(l)?
-6
Let u(b) = b**2 - 5*b - 2. Let p be 54/(-12)*4/(-6)*2. Give u(p).
4
Let f(a) = 23*a - 3. Let m be f(1). Let h be 4/m - 42/10. Let o(g) be the third derivative of g**4/24 + 2*g**3/3 + g**2. What is o(h)?
0
Let k(u) = 3*u**2 - 3 + 4 - 2*u**2 - 4 + 6*u. Calculate k(-6).
-3
Let u(t) = -t**3 - 4*t**2. Suppose -b + 7 + 13 = 0. Suppose -6*k + k = b. What is u(k)?
0
Let f(b) = -2 + 6 + 2*b - 1 + 0. Let o be 1/(1*3/(-9)). Determine f(o).
-3
Let u(d) = -d**2 - 4*d - 1. Suppose j = -3*j + 24. Suppose -j - 14 = -4*f. Let n = -9 + f. What is u(n)?
-1
Suppose 5*l = 4*y - 0*l - 35, -4*y - l + 17 = 0. Let j(k) = k**2 - 6. Let a(q) = 3*q**2 - q - 17. Let z(i) = 3*a(i) - 8*j(i). Give z(y).
7
Let i = 2 - 2. Let g(j) = -j + 11 - 5 - 5. Let u be g(i). Let z(n) = 3*n + 1. Calculate z(u).
4
Let h(c) = 0*c + 6*c + c + 1 + 0*c. What is h(1)?
8
Let v(r) = r**3 - 2*r**2 + 1. Let l(y) = y**3 + 4*y**2 - 5. Let x be l(-4). Suppose 4*d = -3*q + 35, 3*d - 28 = -7*q + 3*q. Let h = x + d. Determine v(h).
10
Let v(l) = l**2 + 9*l + 8. Suppose 7*i - 3*i - 5*s + 27 = 0, -11 = 2*i - 5*s. What is v(i)?
0
Let l(g) = -g - 5. Let p be -1*5 - (9 - 10). Determine l(p).
-1
Let v(h) = -h + 1. Let z be (34/4 - 4)*(-2)/(-3). Give v(z).
-2
Let u(a) = 3 + 0 - 2 + 2*a - 3*a. Calculate u(2).
-1
Let n(g) = -g**2 - g - 1. Let k(v) = -7*v**2 + 11*v - 1. Let w(h) = -k(h) - 6*n(h). Let q(z) = -7*z**2 + 3*z - 4. Let p(b) = 11*q(b) + 6*w(b). Determine p(-3).
-2
Let z(b) = -b + 4. Let n(y) = 6*y - 21. Let h(g) = 4*n(g) + 21*z(g). Give h(-2).
-6
Suppose 1 = -5*r + o - 0, 2*r + 5 = 5*o. Let h(u) = -u**3 + u. Give h(r).
0
Let x be (-2)/(-3 - (-38)/14). Let h(k) = k - 8. Calculate h(x).
-1
Let z be ((-6)/5)/((-3)/20). Let c(d) = -d**2 + 2. Let k(y) = 3*y**2 - 6. Let w(x) = z*c(x) + 3*k(x). Let n(b) = -3*b - 7. Let t be n(-3). Determine w(t).
2
Let h(g) be the third derivative of -2/3*g**3 + 0*g - 4*g**2 - 1/24*g**4 + 0. Calculate h(-6).
2
Let d(k) = -k**3 - 4*k**2 - k. Let l be d(-3). Let g(s) = -4*s - 4. Give g(l).
20
Let j = 7 + -2. Let i(p) = -2*p**2 - 6*p - 2. Let s(q) = -5*q**2 - 17*q - 7. Let f(x) = -8*i(x) + 3*s(x). Determine f(j).
5
Let x(j) = 4*j. Let b = 98 + -101. What is x(b)?
-12
Let i(n) be the first derivative of -n**4/4 + 4*n**3/3 + 3*n**2 + 7*n - 18. Let m = 13 + -8. Calculate i(m).
12
Let n = 42 - 22. Suppose 3*k = -2*k + n. Let v(d) = k - 3*d + 3*d - d**2. What is v(0)?
4
Let b(d) = -607 + 607 - 4*d - d**2 + d. Determine b(-2).
2
Let h(d) be the third derivative of -5*d**4/12 - d**3/6 - d**2. Let j be (0/3 - (3 - 3)) + -1. What is h(j)?
9
Let q(v) = -3*v**2 + 9*v + 7. Let r(y) = y**2 - y - 1. Let z(u) = q(u) + 4*r(u). Let h = -4 + 6. Suppose o = -3*n - 5, -h*n - 2*n - 5*o = -8. Give z(n).
-3
Let h(v) = v. Let q(o) = o**2 - 11*o - 10. Let d be q(11). Let i be 3/((18/d)/(-3)). What is h(i)?
5
Let r(a) = -10*a - 2*a**3 - a - 9*a**2 + 20 - 8*a**2. Let k(z) = z**3 + 6*z**2 + 4*z - 7. Let p(j) = -17*k(j) - 6*r(j). Suppose -61*y = -64*y - 3. Give p(y).
6
Let x(z) = 2*z - 2. Suppose 5*i - 2 - 8 = 5*o, 3*i + 2*o = -19. Determine x(i).
-8
Let v(g) be the first derivative of 0*g**2 + 0*g**3 + 1/4*g**4 - 2*g - 3. Give v(-2).
-10
Let u be (-5)/2*(-1 - -3). Let m(o) = -1 - 14*o + o**2 + 14*o. Let v(t) = -2*t**2 + 5*t + 1. Let j(c) = -3*m(c) - v(c). Calculate j(u).
2
Let k(u) = 11*u + 44. Let w(g) = -4*g - 15. Let n(h) = 6*k(h) + 17*w(h). Let l(y) = 2*y + 40. Let p be l(-17). Calculate n(p).
-3
Let k(z) = 4*z + 6. Let g(p) = -3*p - 5. Let t(o) = -3*g(o) - 2*k(o). Let i(w) = -w + 6. Let b be i(9). What is t(b)?
0
Suppose -5*s = 13 + 2. Let c(v) = 2*v - 1. What is c(s)?
-7
Let m(b) = -2*b**3 + 4*b**2 - 2*b - 1. Suppose 1 = -r + 3. Give m(r).
-5
Let b(n) be the first derivative of 1/4*n**4 + 0*n - 1 + 3/2*n**2 - n**3. Let c be (12/(-42))/((-15)/7 + 2). Give b(c).
2
Let j(w) be the third derivative of w**6/360 + w**5/20 + 5*w**4/24 - w**3/6 - w**2. Let v(q) be the first derivative of j(q). Give v(-5).
0
Let x(q) = 2*q**3 + 2*q**2 - q. Suppose 3*z = -9, -i = -2*i + 4*z + 10. Let f be x(i). Let o(s) = -2*s + 1. Determine o(f).
13
Let f(b) = 7*b**2 + 3*b + 1. Let i be f(-1). Let y(g) = -g**2 + 4*g + 4. Determine y(i).
-1
Let a(z) be the first derivative of z**2/2 - 6*z - 1. Suppose 0 = -3*u + 4*u + 8. Let c(y) = 3*y - 17. Let q(j) = u*a(j) + 3*c(j). Calculate q(0).
-3
Let r(v) = -v + 4. Let s be 2 + 1 - (-2 + 5). Calculate r(s).
4
Suppose -4*u = -4*q + 16, 21 = -5*q - 5*u + 1. Let b(v) = 4*v - 2 - 2*v - v. Calculate b(q).
-2
Let f(i) = -i + 6. Suppose 16 = -5*m + 71. Let x be f(m). Let q(n) = 6*n + 5. Let g(r) = -r. Let a(z) = 3*g(z) + q(z). Give a(x).
-10
Let k(q) = q**3 - 11*q**2 + 2*q - 16. Let o be k(11). Let d(p) = -23*p**2 - 3*p + 17*p**2 + 4 - o*p**3 + 5*p**3. Determine d(-5).
-6
Let a(t) = t + 0*t + 5 - 2*t. What is a(0)?
5
Let m(z) be the third derivative of z**4/24 - z**3/3 + 2*z**2. Suppose -w + w - 2*w = 0. Determine m(w).
-2
Let d(o) = o**3 - 5*o**2 - 3*o + 3. Let x(f) = -f**2 + f + 26. Let m be x(-4). What is d(m)?
21
Let a be (5 + -1)*(-2)/(-4). Suppose -3*x - 12 = a*x - 4*b, -5*x + 5*b - 15 = 0. Let h(w) be the second derivative of -w**5/20 + 3*w**2/2 - 3*w. Give h(x).
3
Let m(z) = -z**3 - 5*z**2 + z + 1. Let i be m(-5). Let s(b) be the first derivative of -b**2 - 6*b - 21. Calculate s(i).
2
Let y(z) = -7*z - 38. Let c be y(-5). Let u(p) = -p**2 - p + 4. Calculate u(c).
-2
Let k be 3/(-4) + (-6)/24. Let n(v) = 4 + 1 - 6 + 2*v. Give n(k).
-3
Let u(t) = 3*t + 35. Let k be u(-14). Let h(z) = -z - 10. Calculate h(k).
-3
Let o = -2 + 5. Let n be (2/o)/((-4)/(-36)). Let f(c) = 0 + 7 - n - c. Determine f(-3).
4
Let d(f) be the third derivative of -f**5/60 + f**4/4 - f**3/6 - 18*f**2. What is d(5)?
4
Suppose 7 = -3*c + 1. Let g be (-6)/((-6)/c)*-3. Let y(v) = 3*v - 7. Determine y(g).
11
Suppose -h + 0*a - 8 = -a, 0 = 4*a - 8. Let i(y) = -y + 7. Let f(l) = -l + 8. Let n(z) = -4*f(z) + 5*i(z). What is n(h)?
9
Let n(x) = x + 7. Let q be n(-11). Suppose -5*y = 4 - 19. Let m(z) = -2 + 0*z**2 + 1 + y*z + z**2. What is m(q)?
3
Let w(m) = m**3 + 3*m**2 - 4. Let j be w(-3). Let r be (j - -1)/(1*-1). Let t(x) = 2*x + x**2 - 1 - 4 + 4 - x**r + 2*x. What is t(3)?
-7
Let n = -17 + 12. Let t(r) = -2*r - 2 + 4*r**2 + r**3 + r - 5*r. What is t(n)?
3
Suppose -5*u - 20 = -2*c, 0*c + 2*u + 30 = 3*c. Let b(r) = r**3 - 11*r**2 + 10*r - 1. Give b(c).
-1
Let k(m) = -2*m**3 + 5*m**2 - 2*m + 1. Let n(d) = d**2 - d - 5. Let v be n(-4). Let q be ((-18)/v)/((-10)/25). Give k(q).
-14
Let v(b) be the second derivative of -b**4/12 - b**3/3 + b**2/2 + b. Give v(-2).
1
Let h(u) = 11*u**3 - 4 - u**2 - u**3 - 11*u**3. What is h(-3)?
14
Let m(o) = o**3 + 5*o**2 + 5*o + 6. Let p be -8 - 6*6/(-9). What is m(p)?
2
Let f(y) = 2*y**2 + 5*y - 13. Let o(k) = k**2 + 2*k - 6. Let j(p) = 6*f(p) - 13*o(p). Give j(3).
3
Let d(v) = -8*v + 3*v - 3*v. Let c be 5 + (0/(-3) - 1). Suppose -a + c = -5*a. Give d(a).
8
Let m = -2 - 1. Let t = m + 8. Let s(z) = z - 7. Determine s(t).
-2
Let q(x) = 4 - x + 0 - 2*x - 2. Determine q(2).
-4
Let k(m) be the first derivative of -5*m**2/2 + 1. Let q(j) = j**2 + 9*j + 14. Let z be q(-7). Suppose z = 4*l - 5*b - 4, 1 = 2*l - b - 1. Give k(l).
-5
Let i(k) = 2*k**2 - 9*k - 15. Let m(v) = v**2 - 4*v - 7. Let r(b) = 2*i(b) - 5*m(b). Calculate r(4).
-3
Let s(f) = 4*f**3 + 3*f**2 + 3*f + 7. Let k(p) = -7*p**3 - 7*p**2 - 7*p - 13. Let i be 78/(-30) - 4/10. Let m(c) = i*k(c) - 5*s(c). What is m(-4)?
12
Let m(y) = y - 4. Let s be (-38 + -1)*(-2)/6. Suppose 0*w + 7 = 4*l - w, 5*w - s = 4*l. Determine m(l).
-1
Let b(s) = -s**3 + s**2 + s - 8. Let u(p) = p**3 - p + 1. Let j(a) = -b(a) - 2*u(a). Let v(g) = g**3 + 2*g**2 + 2*g + 1. Let m be v(-1). Determine j(m).
6
Suppose 0 = -3*y + p - 7, 5*y + p + 1 = -0*y. Let j(k) = 7*k**2 + 1. Calculate j(y).
8
Let i(t) = 6*t**3 - 20*t**2 + t + 11. Let o(r) = -r**3 + 4*r**2 - 2. Let c(m) = -2*i(m) - 11*o(m). Let p(a) = -a + 1. Let j be p(4). Determine c(j).
-3
Let w(c) = 4*c**2 - 8*c + 4. Let a(v) = v**2 - 1. Let o(m) = 3*a(m) - w(m). Let b(s) = s**3 - 2*s**2 - s. Let i be b(3). Calculate o(i).
5
Suppose -4*u + 7*t + 12 = 3*t, -2*u = 3*t + 4. Let r(k) = 15*k - 7*k - u - k**2 - 3*k. Calculate r(2).
5
Let y(i) = -17*i**3 - 1